{"id":795,"date":"2025-02-13T16:37:22","date_gmt":"2025-02-13T16:37:22","guid":{"rendered":"https:\/\/mmarsanchez.es\/?page_id=795"},"modified":"2025-02-13T16:37:22","modified_gmt":"2025-02-13T16:37:22","slug":"otras-actividades-de-divulgacion-cientifica","status":"publish","type":"page","link":"https:\/\/mmarsanchez.es\/index.php\/otras-actividades-de-divulgacion-cientifica\/","title":{"rendered":"Otras actividades de divulgaci\u00f3n cient\u00edfica"},"content":{"rendered":"\n<div class=\"wp-block-media-text is-stacked-on-mobile\" style=\"grid-template-columns:33% auto\"><figure class=\"wp-block-media-text__media\"><img loading=\"lazy\" decoding=\"async\" width=\"1024\" height=\"768\" src=\"https:\/\/mmarsanchez.es\/wp-content\/uploads\/2025\/02\/original-7CE5A90B-D273-405F-B9C2-122FD93A23F6-1024x768.jpeg\" alt=\"\" class=\"wp-image-796 size-full\" srcset=\"https:\/\/mmarsanchez.es\/wp-content\/uploads\/2025\/02\/original-7CE5A90B-D273-405F-B9C2-122FD93A23F6-1024x768.jpeg 1024w, https:\/\/mmarsanchez.es\/wp-content\/uploads\/2025\/02\/original-7CE5A90B-D273-405F-B9C2-122FD93A23F6-300x225.jpeg 300w, https:\/\/mmarsanchez.es\/wp-content\/uploads\/2025\/02\/original-7CE5A90B-D273-405F-B9C2-122FD93A23F6-768x576.jpeg 768w, https:\/\/mmarsanchez.es\/wp-content\/uploads\/2025\/02\/original-7CE5A90B-D273-405F-B9C2-122FD93A23F6.jpeg 1280w\" sizes=\"auto, (max-width: 1024px) 100vw, 1024px\" \/><\/figure><div class=\"wp-block-media-text__content\">\n<p>Colaboraci\u00f3n como experta externa en el desarrollo del informe sobre Inteligencia Artificial y Educaci\u00f3n llevado a cabo por la Oficina C del Congreso de los Diputados. <a href=\"https:\/\/www.oficinac.es\/es\/informes-c\/inteligencia-artificial-y-educacion#ideas\">Accede<\/a> al informe.<\/p>\n\n\n\n<p>Participaci\u00f3n en las actividades de presentaci\u00f3n del informe. Acto divulgativo p\u00fablico y encuentro con diputados y diputadas del Congreso de los Diputados.<\/p>\n\n\n\n<p><\/p>\n<\/div><\/div>\n\n\n\n<div class=\"wp-block-media-text is-stacked-on-mobile\" style=\"grid-template-columns:38% auto\"><figure class=\"wp-block-media-text__media\"><img loading=\"lazy\" decoding=\"async\" width=\"1024\" height=\"741\" src=\"https:\/\/mmarsanchez.es\/wp-content\/uploads\/2025\/02\/Captura-de-pantalla-2025-02-13-a-las-17.36.11-1024x741.png\" alt=\"\" class=\"wp-image-797 size-full\" srcset=\"https:\/\/mmarsanchez.es\/wp-content\/uploads\/2025\/02\/Captura-de-pantalla-2025-02-13-a-las-17.36.11-1024x741.png 1024w, https:\/\/mmarsanchez.es\/wp-content\/uploads\/2025\/02\/Captura-de-pantalla-2025-02-13-a-las-17.36.11-300x217.png 300w, https:\/\/mmarsanchez.es\/wp-content\/uploads\/2025\/02\/Captura-de-pantalla-2025-02-13-a-las-17.36.11-768x556.png 768w, https:\/\/mmarsanchez.es\/wp-content\/uploads\/2025\/02\/Captura-de-pantalla-2025-02-13-a-las-17.36.11-1536x1112.png 1536w, https:\/\/mmarsanchez.es\/wp-content\/uploads\/2025\/02\/Captura-de-pantalla-2025-02-13-a-las-17.36.11-2048x1482.png 2048w\" sizes=\"auto, (max-width: 1024px) 100vw, 1024px\" \/><\/figure><div class=\"wp-block-media-text__content\">\n<p>Colaboradora con el Science Media Centre de Espa\u00f1a, una oficina independiente que ofrece a los medios recursos, contenidos fiables y fuentes expertas para cubrir la actualidad relacionada con la ciencia. <a href=\"https:\/\/sciencemediacentre.es\/autor\/maria-del-mar-sanchez-vera\">Accede<\/a> a mi perfil. <\/p>\n<\/div><\/div>\n\n\n\n<p><\/p>\n","protected":false},"excerpt":{"rendered":"<p>Colaboraci\u00f3n como experta externa en el desarrollo del informe sobre Inteligencia Artificial y Educaci\u00f3n llevado a cabo por la Oficina C del Congreso de los Diputados. Accede al informe. Participaci\u00f3n en las actividades de presentaci\u00f3n del informe. Acto divulgativo p\u00fablico y encuentro con diputados y diputadas del Congreso de los Diputados. Colaboradora con el Science [&hellip;]<\/p>\n","protected":false},"author":1,"featured_media":0,"parent":0,"menu_order":0,"comment_status":"closed","ping_status":"closed","template":"","meta":{"_monsterinsights_skip_tracking":false,"_monsterinsights_sitenote_active":false,"_monsterinsights_sitenote_note":"","_monsterinsights_sitenote_category":0,"footnotes":""},"class_list":["post-795","page","type-page","status-publish","hentry"],"_links":{"self":[{"href":"https:\/\/mmarsanchez.es\/index.php\/wp-json\/wp\/v2\/pages\/795","targetHints":{"allow":["GET"]}}],"collection":[{"href":"https:\/\/mmarsanchez.es\/index.php\/wp-json\/wp\/v2\/pages"}],"about":[{"href":"https:\/\/mmarsanchez.es\/index.php\/wp-json\/wp\/v2\/types\/page"}],"author":[{"embeddable":true,"href":"https:\/\/mmarsanchez.es\/index.php\/wp-json\/wp\/v2\/users\/1"}],"replies":[{"embeddable":true,"href":"https:\/\/mmarsanchez.es\/index.php\/wp-json\/wp\/v2\/comments?post=795"}],"version-history":[{"count":1,"href":"https:\/\/mmarsanchez.es\/index.php\/wp-json\/wp\/v2\/pages\/795\/revisions"}],"predecessor-version":[{"id":798,"href":"https:\/\/mmarsanchez.es\/index.php\/wp-json\/wp\/v2\/pages\/795\/revisions\/798"}],"wp:attachment":[{"href":"https:\/\/mmarsanchez.es\/index.php\/wp-json\/wp\/v2\/media?parent=795"}],"curies":[{"name":"wp","href":"https:\/\/api.w.org\/{rel}","templated":true}]}}