{"id":625,"date":"2023-10-26T10:31:31","date_gmt":"2023-10-26T10:31:31","guid":{"rendered":"https:\/\/mmarsanchez.es\/?page_id=625"},"modified":"2023-10-26T10:42:14","modified_gmt":"2023-10-26T10:42:14","slug":"herramientas-para-aprender-sobre-ia","status":"publish","type":"page","link":"https:\/\/mmarsanchez.es\/index.php\/herramientas-para-aprender-sobre-ia\/","title":{"rendered":"Herramientas para aprender sobre IA"},"content":{"rendered":"\n<div class=\"wp-block-media-text is-stacked-on-mobile\" style=\"grid-template-columns:17% auto\"><figure class=\"wp-block-media-text__media\"><a href=\"https:\/\/machinelearningforkids.co.uk\/#!\/pretrained#top\"><img loading=\"lazy\" decoding=\"async\" width=\"227\" height=\"222\" src=\"https:\/\/mmarsanchez.es\/wp-content\/uploads\/2023\/10\/Sin-titulo-1.png\" alt=\"\" class=\"wp-image-626 size-full\"\/><\/a><\/figure><div class=\"wp-block-media-text__content\">\n<p><strong>Machine Learning for kids.<\/strong><\/p>\n\n\n\n<p>Introducci\u00f3n al aprendizaje autom\u00e1tico a trav\u00e9s de experiencias  pr\u00e1cticas para entrenar sistemas de aprendizaje autom\u00e1tico y construir  cosas con ellos. <\/p>\n<\/div><\/div>\n\n\n\n<hr class=\"wp-block-separator has-alpha-channel-opacity\"\/>\n\n\n\n<div class=\"wp-block-media-text is-stacked-on-mobile\" style=\"grid-template-columns:17% auto\"><figure class=\"wp-block-media-text__media\"><a href=\"https:\/\/web.learningml.org\/\"><img loading=\"lazy\" decoding=\"async\" width=\"134\" height=\"130\" src=\"https:\/\/mmarsanchez.es\/wp-content\/uploads\/2023\/10\/Captura-de-pantalla-2023-10-26-a-las-12.26.45.png\" alt=\"\" class=\"wp-image-627 size-full\"\/><\/a><\/figure><div class=\"wp-block-media-text__content\">\n<p><\/p>\n\n\n\n<p><strong>Learning ML<\/strong><\/p>\n\n\n\n<p>Ideal para introducirse en el mundo del Machine Learning. Se puede usar desde los \u00faltimos cursos de primaria. Se puede continuar trabajando con Scratch.<\/p>\n<\/div><\/div>\n\n\n\n<hr class=\"wp-block-separator has-alpha-channel-opacity\"\/>\n\n\n\n<div class=\"wp-block-media-text is-stacked-on-mobile\" style=\"grid-template-columns:15% auto\"><figure class=\"wp-block-media-text__media\"><a href=\"https:\/\/code.org\/oceans\"><img loading=\"lazy\" decoding=\"async\" width=\"226\" height=\"223\" src=\"https:\/\/mmarsanchez.es\/wp-content\/uploads\/2023\/10\/Sin-titulo-2.png\" alt=\"\" class=\"wp-image-628 size-full\"\/><\/a><\/figure><div class=\"wp-block-media-text__content\">\n<p><strong>Inteligencia Artificial para oc\u00e9anos<\/strong><\/p>\n\n\n\n<p>Creado por Code.org. Este recurso permite explorar el aprendizaje autom\u00e1tico a trav\u00e9s de una propuesta pr\u00e1ctica.<\/p>\n<\/div><\/div>\n","protected":false},"excerpt":{"rendered":"<p>Machine Learning for kids. Introducci\u00f3n al aprendizaje autom\u00e1tico a trav\u00e9s de experiencias pr\u00e1cticas para entrenar sistemas de aprendizaje autom\u00e1tico y construir cosas con ellos. Learning ML Ideal para introducirse en el mundo del Machine Learning. Se puede usar desde los \u00faltimos cursos de primaria. Se puede continuar trabajando con Scratch. Inteligencia Artificial para oc\u00e9anos Creado [&hellip;]<\/p>\n","protected":false},"author":1,"featured_media":0,"parent":0,"menu_order":0,"comment_status":"closed","ping_status":"closed","template":"","meta":{"_monsterinsights_skip_tracking":false,"_monsterinsights_sitenote_active":false,"_monsterinsights_sitenote_note":"","_monsterinsights_sitenote_category":0,"footnotes":""},"class_list":["post-625","page","type-page","status-publish","hentry"],"_links":{"self":[{"href":"https:\/\/mmarsanchez.es\/index.php\/wp-json\/wp\/v2\/pages\/625","targetHints":{"allow":["GET"]}}],"collection":[{"href":"https:\/\/mmarsanchez.es\/index.php\/wp-json\/wp\/v2\/pages"}],"about":[{"href":"https:\/\/mmarsanchez.es\/index.php\/wp-json\/wp\/v2\/types\/page"}],"author":[{"embeddable":true,"href":"https:\/\/mmarsanchez.es\/index.php\/wp-json\/wp\/v2\/users\/1"}],"replies":[{"embeddable":true,"href":"https:\/\/mmarsanchez.es\/index.php\/wp-json\/wp\/v2\/comments?post=625"}],"version-history":[{"count":2,"href":"https:\/\/mmarsanchez.es\/index.php\/wp-json\/wp\/v2\/pages\/625\/revisions"}],"predecessor-version":[{"id":633,"href":"https:\/\/mmarsanchez.es\/index.php\/wp-json\/wp\/v2\/pages\/625\/revisions\/633"}],"wp:attachment":[{"href":"https:\/\/mmarsanchez.es\/index.php\/wp-json\/wp\/v2\/media?parent=625"}],"curies":[{"name":"wp","href":"https:\/\/api.w.org\/{rel}","templated":true}]}}