{"id":534,"date":"2023-10-01T17:28:33","date_gmt":"2023-10-01T17:28:33","guid":{"rendered":"https:\/\/mmarsanchez.es\/?page_id=534"},"modified":"2023-10-01T17:28:33","modified_gmt":"2023-10-01T17:28:33","slug":"texto-a-imagen","status":"publish","type":"page","link":"https:\/\/mmarsanchez.es\/index.php\/texto-a-imagen\/","title":{"rendered":"Texto a imagen"},"content":{"rendered":"\n<p>Para acceder a la herramienta, haz clic en la imagen.<\/p>\n\n\n\n<div class=\"wp-block-media-text is-stacked-on-mobile\" style=\"grid-template-columns:20% auto\"><figure class=\"wp-block-media-text__media\"><a href=\"https:\/\/labs.openai.com\/\"><img loading=\"lazy\" decoding=\"async\" width=\"842\" height=\"676\" src=\"https:\/\/mmarsanchez.es\/wp-content\/uploads\/2023\/09\/Captura-de-pantalla-2023-09-29-a-las-19.40.36.png\" alt=\"\" class=\"wp-image-535 size-full\" srcset=\"https:\/\/mmarsanchez.es\/wp-content\/uploads\/2023\/09\/Captura-de-pantalla-2023-09-29-a-las-19.40.36.png 842w, https:\/\/mmarsanchez.es\/wp-content\/uploads\/2023\/09\/Captura-de-pantalla-2023-09-29-a-las-19.40.36-300x241.png 300w, https:\/\/mmarsanchez.es\/wp-content\/uploads\/2023\/09\/Captura-de-pantalla-2023-09-29-a-las-19.40.36-768x617.png 768w\" sizes=\"auto, (max-width: 842px) 100vw, 842px\" \/><\/a><\/figure><div class=\"wp-block-media-text__content\">\n<p><strong>Dalle<\/strong><\/p>\n\n\n\n<p>Sistema IA que crea im\u00e1genes y arte realistas a partir de descripciones en lenguaje natural. Gratuita con versi\u00f3n ilimitada de pago. Versi\u00f3n 3 accesible desde Bing.<\/p>\n<\/div><\/div>\n\n\n\n<hr class=\"wp-block-separator has-alpha-channel-opacity\"\/>\n\n\n\n<div class=\"wp-block-media-text is-stacked-on-mobile\" style=\"grid-template-columns:20% auto\"><figure class=\"wp-block-media-text__media\"><a href=\"https:\/\/www.midjourney.com\/\"><img loading=\"lazy\" decoding=\"async\" width=\"842\" height=\"676\" src=\"https:\/\/mmarsanchez.es\/wp-content\/uploads\/2023\/09\/Captura-de-pantalla-2023-09-29-a-las-19.43.06.png\" alt=\"\" class=\"wp-image-536 size-full\" srcset=\"https:\/\/mmarsanchez.es\/wp-content\/uploads\/2023\/09\/Captura-de-pantalla-2023-09-29-a-las-19.43.06.png 842w, https:\/\/mmarsanchez.es\/wp-content\/uploads\/2023\/09\/Captura-de-pantalla-2023-09-29-a-las-19.43.06-300x241.png 300w, https:\/\/mmarsanchez.es\/wp-content\/uploads\/2023\/09\/Captura-de-pantalla-2023-09-29-a-las-19.43.06-768x617.png 768w\" sizes=\"auto, (max-width: 842px) 100vw, 842px\" \/><\/a><\/figure><div class=\"wp-block-media-text__content\">\n<p><strong>Midjourney<\/strong><\/p>\n\n\n\n<p>Red neuronal que convierte texto en im\u00e1genes, accesible a trav\u00e9s de un bot de Discord. Ofrece acceso gratuito con limitaciones y planes de suscripci\u00f3n.<\/p>\n<\/div><\/div>\n\n\n\n<hr class=\"wp-block-separator has-alpha-channel-opacity\"\/>\n\n\n\n<div class=\"wp-block-media-text is-stacked-on-mobile\" style=\"grid-template-columns:23% auto\"><figure class=\"wp-block-media-text__media\"><a href=\"https:\/\/www.bing.com\/\"><img loading=\"lazy\" decoding=\"async\" width=\"836\" height=\"372\" src=\"https:\/\/mmarsanchez.es\/wp-content\/uploads\/2023\/09\/Captura-de-pantalla-2023-09-29-a-las-19.49.44-1.png\" alt=\"\" class=\"wp-image-542 size-full\" srcset=\"https:\/\/mmarsanchez.es\/wp-content\/uploads\/2023\/09\/Captura-de-pantalla-2023-09-29-a-las-19.49.44-1.png 836w, https:\/\/mmarsanchez.es\/wp-content\/uploads\/2023\/09\/Captura-de-pantalla-2023-09-29-a-las-19.49.44-1-300x133.png 300w, https:\/\/mmarsanchez.es\/wp-content\/uploads\/2023\/09\/Captura-de-pantalla-2023-09-29-a-las-19.49.44-1-768x342.png 768w\" sizes=\"auto, (max-width: 836px) 100vw, 836px\" \/><\/a><\/figure><div class=\"wp-block-media-text__content\">\n<p><strong>Bing<\/strong><\/p>\n\n\n\n<p>Motor de b\u00fasqueda de Microsoft que utiliza la IA. Permite generar im\u00e1genes a partir de texto utilizando la tecnolog\u00eda de Dalle. Gratuita.<\/p>\n<\/div><\/div>\n\n\n\n<hr class=\"wp-block-separator has-alpha-channel-opacity\"\/>\n\n\n\n<div class=\"wp-block-media-text is-stacked-on-mobile\" style=\"grid-template-columns:21% auto\"><figure class=\"wp-block-media-text__media\"><a href=\"https:\/\/tryleap.ai\/\"><img loading=\"lazy\" decoding=\"async\" width=\"400\" height=\"400\" src=\"https:\/\/mmarsanchez.es\/wp-content\/uploads\/2023\/09\/leap-ai.jpeg\" alt=\"\" class=\"wp-image-547 size-full\" srcset=\"https:\/\/mmarsanchez.es\/wp-content\/uploads\/2023\/09\/leap-ai.jpeg 400w, https:\/\/mmarsanchez.es\/wp-content\/uploads\/2023\/09\/leap-ai-300x300.jpeg 300w, https:\/\/mmarsanchez.es\/wp-content\/uploads\/2023\/09\/leap-ai-150x150.jpeg 150w\" sizes=\"auto, (max-width: 400px) 100vw, 400px\" \/><\/a><\/figure><div class=\"wp-block-media-text__content\">\n<p><strong>Leap AI<\/strong><\/p>\n\n\n\n<p>Aplicaci\u00f3n de inteligencia artificial que permite generar im\u00e1genes a partir de texto y subir im\u00e1genes y modificarlas a trav\u00e9s de prompts. Versi\u00f3n gratuita y de pago.<\/p>\n<\/div><\/div>\n\n\n\n<hr class=\"wp-block-separator has-alpha-channel-opacity\"\/>\n\n\n\n<div class=\"wp-block-media-text is-stacked-on-mobile\" style=\"grid-template-columns:23% auto\"><figure class=\"wp-block-media-text__media\"><a href=\"https:\/\/www.adobe.com\/es\/sensei\/generative-ai\/firefly.html?gclid=CjwKCAjw69moBhBgEiwAUFCx2AmVMk4p56fatjHHlc9MZbJOptUDsEW4f3ui_YPqAYkkT3rE4PPdWxoC2e4QAvD_BwE&amp;mv=search&amp;mv2=paidsearch&amp;sdid=VPM4K3RR&amp;ef_id=CjwKCAjw69moBhBgEiwAUFCx2AmVMk4p56fatjHHlc9MZbJOptUDsEW4f3ui_YPqAYkkT3rE4PPdWxoC2e4QAvD_BwE:G:s&amp;s_kwcid=AL!3085!3!664930733269!e!!g!!adobe%20firefly!20351522761!152084316458&amp;gad=1\"><img loading=\"lazy\" decoding=\"async\" width=\"758\" height=\"698\" src=\"https:\/\/mmarsanchez.es\/wp-content\/uploads\/2023\/09\/Captura-de-pantalla-2023-09-29-a-las-20.03.56.png\" alt=\"\" class=\"wp-image-548 size-full\" srcset=\"https:\/\/mmarsanchez.es\/wp-content\/uploads\/2023\/09\/Captura-de-pantalla-2023-09-29-a-las-20.03.56.png 758w, https:\/\/mmarsanchez.es\/wp-content\/uploads\/2023\/09\/Captura-de-pantalla-2023-09-29-a-las-20.03.56-300x276.png 300w\" sizes=\"auto, (max-width: 758px) 100vw, 758px\" \/><\/a><\/figure><div class=\"wp-block-media-text__content\">\n<p><strong>Adobe Firefly<\/strong><\/p>\n\n\n\n<p>Permite convertir de texto a imagen, usar relleno generativo, efectos de texto, de boceto a imagen, de reemplazo, etc. Opciones gratuitas y de pago.<\/p>\n<\/div><\/div>\n\n\n\n<hr class=\"wp-block-separator has-alpha-channel-opacity\"\/>\n\n\n\n<div class=\"wp-block-media-text is-stacked-on-mobile\" style=\"grid-template-columns:25% auto\"><figure class=\"wp-block-media-text__media\"><a href=\"https:\/\/stablediffusionweb.com\/\"><img loading=\"lazy\" decoding=\"async\" width=\"364\" height=\"132\" src=\"https:\/\/mmarsanchez.es\/wp-content\/uploads\/2023\/10\/Captura-de-pantalla-2023-10-01-a-las-17.48.29.png\" alt=\"\" class=\"wp-image-591 size-full\" srcset=\"https:\/\/mmarsanchez.es\/wp-content\/uploads\/2023\/10\/Captura-de-pantalla-2023-10-01-a-las-17.48.29.png 364w, https:\/\/mmarsanchez.es\/wp-content\/uploads\/2023\/10\/Captura-de-pantalla-2023-10-01-a-las-17.48.29-300x109.png 300w\" sizes=\"auto, (max-width: 364px) 100vw, 364px\" \/><\/a><\/figure><div class=\"wp-block-media-text__content\">\n<p><strong>Stable Diffusion<\/strong><\/p>\n\n\n\n<p>Generador de im\u00e1genes a partir de texto. Gratuito. <\/p>\n<\/div><\/div>\n","protected":false},"excerpt":{"rendered":"<p>Para acceder a la herramienta, haz clic en la imagen. Dalle Sistema IA que crea im\u00e1genes y arte realistas a partir de descripciones en lenguaje natural. Gratuita con versi\u00f3n ilimitada de pago. Versi\u00f3n 3 accesible desde Bing. Midjourney Red neuronal que convierte texto en im\u00e1genes, accesible a trav\u00e9s de un bot de Discord. Ofrece acceso [&hellip;]<\/p>\n","protected":false},"author":1,"featured_media":0,"parent":0,"menu_order":0,"comment_status":"closed","ping_status":"closed","template":"","meta":{"_monsterinsights_skip_tracking":false,"_monsterinsights_sitenote_active":false,"_monsterinsights_sitenote_note":"","_monsterinsights_sitenote_category":0,"footnotes":""},"class_list":["post-534","page","type-page","status-publish","hentry"],"_links":{"self":[{"href":"https:\/\/mmarsanchez.es\/index.php\/wp-json\/wp\/v2\/pages\/534","targetHints":{"allow":["GET"]}}],"collection":[{"href":"https:\/\/mmarsanchez.es\/index.php\/wp-json\/wp\/v2\/pages"}],"about":[{"href":"https:\/\/mmarsanchez.es\/index.php\/wp-json\/wp\/v2\/types\/page"}],"author":[{"embeddable":true,"href":"https:\/\/mmarsanchez.es\/index.php\/wp-json\/wp\/v2\/users\/1"}],"replies":[{"embeddable":true,"href":"https:\/\/mmarsanchez.es\/index.php\/wp-json\/wp\/v2\/comments?post=534"}],"version-history":[{"count":5,"href":"https:\/\/mmarsanchez.es\/index.php\/wp-json\/wp\/v2\/pages\/534\/revisions"}],"predecessor-version":[{"id":592,"href":"https:\/\/mmarsanchez.es\/index.php\/wp-json\/wp\/v2\/pages\/534\/revisions\/592"}],"wp:attachment":[{"href":"https:\/\/mmarsanchez.es\/index.php\/wp-json\/wp\/v2\/media?parent=534"}],"curies":[{"name":"wp","href":"https:\/\/api.w.org\/{rel}","templated":true}]}}